+ 77. Give b(-132).
77
Let t(m) = 3*m**2 - 438*m + 14252. Give t(97).
-7
Let t(z) = -7776*z + 7804. What is t(1)?
28
Let u(p) = -34580*p + 345721. What is u(10)?
-79
Let u(s) = -54*s**3 - 8*s**2 + 19*s - 9. Give u(2).
-435
Let a(y) = -77*y**3 + 477*y**2 - 8*y - 17. Calculate a(6).
475
Let t(u) = 14282*u - 642637. Give t(45).
53
Let x(t) = -t**3 + 8*t**2 + 145*t - 1138. Give x(8).
22
Let z(v) = -68*v - 1684. Give z(35).
-4064
Let g(j) = -36276*j - 2539339. What is g(-70)?
-19
Let g(t) = -t**2 - 453*t + 15357. Calculate g(32).
-163
Let l(b) = 37*b**3 - 3*b**2 - 125*b - 230. Give l(-2).
-288
Let r(j) = j**3 - 76*j**2 - 159*j + 17571. What is r(75)?
21
Let x(p) = 25*p**2 + 1536*p - 10134. Determine x(6).
-18
Let h(i) = i**3 - 183*i**2 + 6919*i - 3770. Calculate h(130).
0
Let s(y) = -19*y**2 + 448*y + 898. Calculate s(-2).
-74
Let k(m) = 2628*m + 39472. Determine k(-15).
52
Let h(m) = 537*m**2 - 1025*m - 99. Calculate h(2).
-1
Let l(g) = -g**3 - 1268*g - 13744. Calculate l(-10).
-64
Let w(r) = 91*r**2 - 8529*r + 45835. What is w(88)?
-13
Let z(j) = 4*j**3 + 394*j**2 + 2045*j + 64. Give z(-93).
157
Let f(g) = g**3 - 22*g**2 + 46*g - 840. Calculate f(21).
-315
Let g(b) = 2*b**3 - 7*b**2 - 214*b - 335. Give g(-9).
-434
Let b(f) = -25473*f - 18238663. Give b(-716).
5
Let d(u) = -u**2 - 138*u - 3460. What is d(-105)?
5
Let s(g) = -2*g**2 + 38647*g + 464029. Calculate s(-12).
-23
Let a(l) = 3*l**3 - 38*l**2 + 113*l + 46. Give a(7).
4
Let z(a) = -87079*a + 348309. Determine z(4).
-7
Let u(m) = m**2 - 5181*m - 62450. Give u(-12).
-134
Let w(m) = 1266*m + 3400. What is w(-3)?
-398
Let g(s) = -750*s - 33428. Determine g(-44).
-428
Let c(k) = 5*k**2 + 813*k + 3144. Determine c(-4).
-28
Let a(z) = z**3 + 4*z**2 - 2*z - 33. Determine a(-9).
-420
Let u(b) = 3*b**3 + 46*b**2 - 106*b - 37. What is u(2)?
-41
Let n(s) = -4*s**2 + 100*s - 943. What is n(9)?
-367
Let o(d) = -d**3 - 28*d**2 + 5257*d + 10502. Give o(61).
10
Let j(t) = 21*t**2 + 110*t - 4340. Determine j(12).
4
Let j(z) = z**2 + 39226*z - 156932. What is j(4)?
-12
Let f(g) = 2*g**2 - 3055*g + 18261. Give f(6).
3
Let m(v) = -80*v**3 - 19*v**2 + 30*v + 31. Calculate m(-1).
62
Let j(a) = 74*a**3 + 2*a**2 - 29062*a - 29061. Give j(-1).
-71
Let p(h) = -143*h**2 + 8010*h - 110. Give p(56).
2
Let j(l) = -l**2 + 144*l + 9149. Calculate j(-48).
-67
Let c(w) = -5*w**3 - 125*w**2 + 99. Determine c(-25).
99
Let h(s) = 4023*s - 188901. Give h(47).
180
Let r(p) = -2*p**2 + 44*p + 419. Give r(31).
-139
Let b(p) = -11*p**2 - 507*p + 7. Determine b(-46).
53
Let g(r) = -20*r**2 + 4851*r + 47611. Determine g(252).
-17
Let h(s) = s**3 - 212*s - 212. Calculate h(15).
-17
Let g(a) = 3579*a + 67972. What is g(-19)?
-29
Let z(k) = k**3 + 23*k**2 - 5367*k - 118566. What is z(-22)?
-8
Let h(z) = -3*z**2 - 2295*z + 114499. Determine h(47).
7
Let z(o) = 206*o - 7909. Give z(35).
-699
Let p(d) = 5*d**2 - 55713*d + 55713. What is p(1)?
5
Let o(c) = -734075*c + 733921. What is o(1)?
-154
Let g(a) = -2509*a + 132699. Determine g(53).
-278
Let r(p) = -1128*p - 27062. What is r(-24)?
10
Let s(q) = -q**3 - 3*q**2 - 395*q - 1606. Determine s(-4).
-10
Let o(k) = -k**3 - 3*k**2 - 33*k + 321. Determine o(8).
-647
Let d(p) = -82542*p + 1320625. Calculate d(16).
-47
Let w(o) = 1789*o + 15913. Give w(-9).
-188
Let p(h) = -3619*h**2 + 180949*h + 41. Calculate p(50).
-9
Let p(a) = -31571*a + 93957. Determine p(3).
-756
Let s(h) = -h**3 - 3*h**2 + 46*h - 160. Determine s(-13).
932
Let a(x) = -2*x**3 + 85*x**2 + 56*x + 97. What is a(43)?
656
Let o(g) = -76766*g + 383833. Determine o(5).
3
Let k(o) = -42373*o - 338995. What is k(-8)?
-11
Let g(p) = 3*p**2 - 737*p + 40169. Calculate g(164).
-11
Let k(b) = -54658*b - 601209. Calculate k(-11).
29
Let f(a) = -287*a**2 + 47073*a + 149. Give f(164).
969
Let v(f) = -57888*f - 7525449. Calculate v(-130).
-9
Let a(f) = -48478*f - 339340. What is a(-7)?
6
Let p(j) = 2*j**3 + 56*j**2 + 43*j + 1195. What is p(-28)?
-9
Let m(l) = -8928*l + 169774. Give m(19).
142
Let a(z) = -5*z**3 + 194*z**2 + 447*z - 91. Calculate a(41).
-255
Let f(q) = -7238*q - 35591. Determine f(-5).
599
Let y(g) = -4*g**3 + 819*g**2 + 212*g - 1208. What is y(205)?
227
Let i(m) = -m**2 + 922*m + 93325. Calculate i(-93).
-1070
Let j(p) = -25015*p + 25011. Determine j(1).
-4
Let t(v) = -v**3 - 67*v**2 - 241*v + 36. What is t(-63)?
-657
Let k(f) = 2468*f + 17170. Give k(-7).
-106
Let y(o) = -65944*o + 659507. Determine y(10).
67
Let n(g) = 46*g - 3294. Calculate n(34).
-1730
Let c(x) = 48*x**2 + 13343*x - 201. Give c(-278).
77
Let c(d) = 11*d**2 + 137*d + 249. What is c(-9)?
-93
Let n(r) = -1821*r - 305934. Determine n(-168).
-6
Let i(n) = -21*n**2 - 791*n + 1088. Give i(-39).
-4
Let l(z) = 5*z**3 + 396*z**2 - 314*z + 683. Determine l(-80).
203
Let r(l) = l**3 + 9*l**2 - 794*l - 1910. Give r(-32).
-54
Let l(w) = 31*w**3 - 2475*w**2 + 2476*w + 1. Calculate l(1).
33
Let p(m) = -8*m**3 + 40*m**2 - 217*m - 19. Give p(7).
-2322
Let k(g) = g**3 - 779*g**2 + 8398*g + 38280. Calculate k(768).
-120
Let m(b) = 53*b**2 - 55764*b + 119700. What is m(1050)?
0
Let l(x) = 1687*x + 19026. Calculate l(-11).
469
Let z(y) = -2137*y - 44897. Give z(-21).
-20
Let f(x) = -4*x**3 - 57*x**2 - 10*x - 276. Give f(-13).
-991
Let d(j) = -23258*j - 418646. Determine d(-18).
-2
Let y(c) = 18*c**3 - 24*c**2 - 91*c + 11. Calculate y(-4).
-1161
Let c(u) = 10*u**2 - 98*u - 31012. Calculate c(-51).
-4
Let x(r) = -1670*r - 295690. Calculate x(-177).
-100
Let m(t) = -673*t**2 + 296*t + 1. What is m(1)?
-376
Let l(p) = -62*p + 742. What is l(4)?
494
Let p(g) = -78894*g - 236678. Give p(-3).
4
Let j(z) = -11*z**3 - 211*z**2 - 21*z - 240. What is j(-19)?
-563
Let z(k) = -14*k**2 - 405*k + 325. Give z(-30).
-125
Let m(k) = -8457*k + 59215. What is m(7)?
16
Let s(c) = 2*c**2 - 1478*c - 12008. Calculate s(-8).
-56
Let g(h) = -104*h + 10817. What is g(111)?
-727
Let s(j) = -j**2 + 125*j + 4677. Determine s(-30).
27
Let o(h) = 102*h**3 + 5917*h**2 + 58*h - 125. Calculate o(-58).
-125
Let o(q) = 45*q**2 - 1482*q + 6290. What is o(5)?
5
Let u(a) = -2*a**3 - 531*a**2 + 1070*a + 71832. What is u(-267)?
9
Let k(f) = -794*f**2 + 6348*f + 37. What is k(8)?
5
Let g(r) = 7*r**2 - 2935*r + 229538. What is g(104)?
10
Let g(u) = -3*u**2 - 2820*u - 269572. Calculate g(-108).
-4
Let f(i) = -489*i - 10600. Determine f(-22).
158
Let j(q) = -11108*q + 211148. Calculate j(19).
96
Let y(q) = -41*q**2 + 3193*q - 5850. Give y(76).
2
Let v(d) = -d**3 - 4*d**2 - 73*d + 228. Determine v(3).
-54
Let v(z) = -5*z**2 - 554*z + 23742. Determine v(33).
15
Let c(q) = q**3 + 47*q**2 + 7*q + 2613. What is c(-48)?
-27
Let u(d) = 25*d**2 + 83*d - 1276. Calculate u(-9).
2
Let i(n) = -10*n**3 + 2*n**2 + 568*n - 3504. Determine i(6).
-2184
Let a(g) = 4*g**3 - 52*g**2 - 16*g + 27. Determine a(5).
-853
Let q(o) = -4*o**3 + 23*o**2 + 1553*o + 11. Calculate q(-17).
-91
Let z(r) = -4102*r + 98432. Calculate z(24).
-16
Let v(g) = 3*g**3 - 49*g**2 - 250*g - 10. Give v(-4).
14
Let t(y) = -3*y**3 + 70*y**2 + 81*y - 1141. Determine t(25).
-2241
Let t(q) = -17*q**3 + 8*q**2 - 29*q - 10. Give t(4).
-1086
Let y(x) = -2*x**2 - 2703*x - 30049. Give y(-11).
-558
Let k(p) = -p**3 - 78*p**2 - 853*p + 22. Determine k(-13).
126
Let t(j) = -368244*j - 736510. Calculate t(-2).
-22
Let b(g) = 206*g**2 + 125*g + 120. Calculate b(3).
2349
Let q(c) = -38*c + 2559. Calculate q(82).
-557
Let c(t) = 136226*t + 408671. What is c(-3)?
-7
Let c(z) = -43009*z + 42691. Determine c(1).
-318
Let k(u) = -u**2 - 2575*u - 944463. What is k(-443)?
13
Let d(w) = w**2 - 294*w + 19715. Determine d(192).
131
Let o(u) = -4740*u + 9790. Give o(2).
310
Let o(n) = -2*n**3 + 52*n**2 + 160*n + 246. What is o(29)?
-160
Let k(m) = m**3 - 84*m**2 + 127*m + 3005. Calculate k(82).
-29
Let z(x) = -2*x**3 + 95*x**2 - 182*x + 10601. Give z(48).
-439
Let o(h) = -h**2 + 8283*h + 99602. Give o(-12).
62
Let g(f) = 28217*f - 1185265. Give g(42).
-151
Let m(i) = i**3 + 387*i**2 - 1210*i - 15601. Determine m(-390).
-1
Let l(x) = -247*x**2 + 975*x + 69. Determine l(4).
17
Let p(l) = -11683*l + 2652046. Determine p(227).
5
Let u(j) = -1691*j + 4070. What is u(3)?
-1003
Let u(d) = -17279*d - 380119. What is u(-22)?
19
Let b(p) = 9*p**2 + 505*p - 5141. Determine b(10).
809
Let p(z) = -131